) = -t**2 - 2*t + 10. Suppose 70 - 75 = h. Calculate z(h).
-5
Let y = 42 - 39. Suppose 3*u + 5*a = -19, 5*a - 3*a = -5*u. Let o(h) = -10*h**3 + 0*h**3 + h**2 + h**y + u*h**3. Determine o(1).
-6
Let o = 25 - 19. Suppose 0 = -0*r - r + 4*s - 14, 0 = 2*r + s - 8. Let c(p) = -p**3 + 3 - 5*p + 7*p**r + 0*p**2 - 10. Give c(o).
-1
Let b(q) = 2*q + 14. Let p(g) = 13*g + 88. Let z(w) = 6*b(w) - p(w). Let t be (-1)/4 + (-15)/4. Calculate z(t).
0
Let h(k) be the third derivative of -k**5/60 + k**4/24 + 3*k**3 + 30*k**2. Let v be h(5). Let t(m) = -m**3 + 3*m + 3. What is t(v)?
5
Let f(w) = w**3 - 2*w. Let b(r) = r**2 - 2*r + 4. Let c be b(1). Calculate f(c).
21
Let m be ((-18)/(-7))/((-1808)/112 + 16). Let n(i) = -i**3 - 20*i**2 - 37*i - 22. Calculate n(m).
-4
Let h(g) = 42 + 50 + 42 - 135 - 7*g. Let v(d) = d**2 + 5*d - 1. Let f be v(-5). Determine h(f).
6
Let f(a) = -a**3 - 5*a**2 - 7*a - 5. Let c(i) = -3*i**3 - i**2 - 10*i + 10. Let l be c(1). What is f(l)?
7
Let m(f) = f**2 - 3*f. Suppose 89 = 5*s - 4*a - 25, 3*s = -4*a + 62. Let u = s + -6. Suppose y - u = -3*y. Give m(y).
4
Let r(k) = -k**2 + 5*k + 3. Let j(n) be the first derivative of -n**3 + 5*n**2 + 6*n + 10. Let x(m) = -2*j(m) + 5*r(m). Give x(-5).
3
Let k(u) = u + 6. Let m be k(-9). Let w(r) = -14*r**3 - 9*r**2 + r + 2. Let v(y) = -16*y**3 - 10*y**2 + y + 3. Let i(f) = 6*v(f) - 7*w(f). Determine i(m).
-20
Let u(p) = -p**3 + 3*p**2 - 4*p + 1. Let c = 392 - 389. Determine u(c).
-11
Let c(q) = -q**3 + 8*q**2 + 7*q + 23. Let b(z) = z**2 + 6. Let g(i) = -4*b(i) + c(i). Suppose 3*w = 10 + 5. Calculate g(w).
9
Suppose -2*l = -3*l + 1. Let t(h) = -51*h**3 - 6*h**2 - 12*h - 5. Let j(q) = 25*q**3 + 2*q**2 + 5*q + 2. Let m(v) = -5*j(v) - 2*t(v). Give m(l).
-22
Suppose -2*c + 4*b - 6 + 12 = 0, -3*c + 44 = b. Let o(r) = r**2 - 12*r - 17. What is o(c)?
-4
Let q(d) = -d**3 - 1 + 1 - 2 + d**2 + d**2. Give q(-2).
14
Let x(k) = k**2 + 14*k + 43. Let o be x(-10). Suppose 5*l - 5*b = 10, -2*l - 3*b = -6*b - 2. Let u(y) = -3 + 2 - y + 1 + l. Determine u(o).
1
Suppose -2*r - 9 + 3 = 2*u, 0 = 2*r + 5*u + 21. Let f be (14/(-6) - -3) + (-260)/(-15). Let m(v) = -2*v - f + 14 + 2*v + v**r. What is m(3)?
5
Let s(v) = 101*v + 17. Let w be s(0). Let d(l) = -l**2 + 16*l + 9. Calculate d(w).
-8
Let f(m) = 3*m**3 + 5*m**2 + 14*m - 15. Let p(o) = -o**3 - 2*o**2 - 6*o + 7. Let y(c) = 4*f(c) + 9*p(c). Give y(-2).
-17
Let v(i) = 4*i - 1. Let m be ((-16)/(-40))/((-7)/(140/8)). What is v(m)?
-5
Let o(f) = -5*f**2 + 4 + 0 + f**3 - 2*f + 4*f. Let x be (-4)/(-18) - 10/45. Suppose -5*r - 5*p + p + 24 = x, -2*r + p = -7. Calculate o(r).
-4
Suppose 34 = d + d. Let g be 2/13 + (-171)/13. Let w = g + d. Let v(f) = -f**3 + 4*f**2 + 3. Calculate v(w).
3
Let t(w) = -9*w - 1. Let f(g) = 35*g - 1. Let z(s) = -f(s) - 4*t(s). Let r = 3 - 3. What is z(r)?
5
Let c(t) = -2*t**3 + 2*t**2 - t. Suppose -2734*l + 2721*l = -26. Give c(l).
-10
Let a(u) be the third derivative of 1/2*u**4 - u**2 + 0 + 0*u + 1/60*u**5 + 5/2*u**3. What is a(-10)?
-5
Suppose -353 = 4*y - 377. Let g(b) = b**3 - 7*b**2 + 5*b - 13. What is g(y)?
-19
Let t(a) = a**2 + a + 1. Let d be t(0). Let i(z) be the first derivative of -z**5/15 + 2*z**2 + 5. Let v(j) be the second derivative of i(j). Give v(d).
-4
Let z(b) = -18*b + 15. Let o(p) = p - 1. Let g(x) = -45*o(x) - 3*z(x). Suppose -2*c + 14 = 5*n, -2*n + 4*c - 3*c = -2. Calculate g(n).
18
Suppose -1118*h + 1117*h = -1. Let i(v) = 16*v. Calculate i(h).
16
Let f(k) = -k**2 - 8*k - 8. Let h(a) be the third derivative of 0*a + 0*a**3 - 4*a**2 + 1/24*a**4 + 0. Let p be h(-6). What is f(p)?
4
Suppose 8*y - 80 - 48 = 0. Suppose -2*p - 14 = -2*z, 4*z - y = 3*p + 10. Let a(s) = 2*s - 5. Give a(z).
5
Let c(h) = 2*h + 0*h - 5*h**2 - 2 - 8*h - h**3. Suppose 2*o + 0 - 8 = 0. Suppose 3*s + o*s = -28. Give c(s).
6
Let w be (6/10)/(-3) - 16/(-5). Let d(u) = u**2 - 13*u + 2*u**3 - u**w + 26*u - 12*u. Let h be (-1)/((-2)/(8/(-2))). Determine d(h).
-6
Let h(l) be the first derivative of l**4/4 - 4*l**3/3 - l**2 - 11*l - 27. Calculate h(5).
4
Let m(x) be the first derivative of -8/3*x**3 - 1/4*x**4 - 4*x + 30 - 1/2*x**2. Calculate m(-8).
4
Let n(k) = k**3 - 8*k**2 + 6*k + 5. Let w(l) = 2*l**2 + 17*l + 15. Let c be 2 + 1 + -2 + 6 + -15. Let h be w(c). What is n(h)?
-2
Let g be (-2)/10 - 4*(-20)/25. Let d(c) = -3*c - 8. Let q(w) = 3*w + 8. Let y(z) = g*q(z) + 4*d(z). Determine y(-8).
16
Let k(m) = -11*m + 12. Let o(r) be the third derivative of -r**4/4 + 5*r**3/6 + 55*r**2. Let s(t) = -3*k(t) + 7*o(t). Let v be 0/(-2) - (3 - 2). Determine s(v).
8
Let g = -2823 + 84691/30. Let n(p) be the third derivative of 13*p**2 + 0*p**3 + 0*p - 1/12*p**4 + 0 + g*p**5. Give n(3).
12
Let i(d) be the first derivative of -3 - d - 1/2*d**2. Give i(1).
-2
Let n = -26 + 29. Let f = 6 + -1. Let i(o) = -7*o**2 + 16*o + 5. Let v(r) = 4*r**2 - 8*r - 3. Let w(z) = f*v(z) + n*i(z). Calculate w(6).
12
Suppose -d = -5 - 3. Let b = -3 + d. Let c(p) = -4*p + 6 - 98*p**3 - p - 4*p**2 + 99*p**3. What is c(b)?
6
Suppose 0 = -g + 4, 5*g - 16 = 2*c + g. Let v(p) = -24*p**2 + 0 + c - p + 25*p**2. Calculate v(-3).
12
Let m = 1301 - 1295. Let a(t) = t**3 - 7*t**2 + 3*t - 4. Determine a(m).
-22
Suppose 5*b - 2*g + 68 = -37, b = 4*g - 21. Let c be -2*b/(-18)*-15. Let r be 2/7 + 25/c. Let u(a) = a**3 + a**2 - a. What is u(r)?
1
Let u(x) = 4*x - 2 - x - 2*x. Let s(n) = 5*n - 9. Let v(w) = 4*s(w) - 18*u(w). Suppose 2*m - 1 = -5. Give v(m).
-4
Let g(v) = v**2 + 6*v. Let t be -12*-4*(-3)/(-24)*-1. Give g(t).
0
Let j be 14/(-6) + (-2)/(-6). Let o(w) be the first derivative of -2*w**3/3 - w**2/2 - 2*w + 65. Give o(j).
-8
Let n(y) = -y**3 + 14*y**2 - 8. Let i = 68 + -54. What is n(i)?
-8
Let k(b) be the second derivative of -b**3/6 - b**2/2 + b + 39. What is k(6)?
-7
Let z(i) = -4*i**3 + 114*i**2 + 57*i + 41. Let b be z(29). Let g(s) = 3*s - 17. Calculate g(b).
19
Let s(a) = a**3 - 7*a**2 + 7*a - 1. Let h be s(6). Let d(p) = h*p + 3 - 3*p + 2*p**2 + 2*p. Let w(n) = -n**3 + n**2 + 52*n - 103. Let x be w(2). Determine d(x).
9
Let k(m) = 188*m**2 + 196*m**2 - 373*m**2. What is k(1)?
11
Let f(w) = 17*w**2 - w + 13. Let s(l) = -10*l**2 + l - 7. Let z(b) = 4*f(b) + 7*s(b). Determine z(-2).
-11
Let h be 2/((4/(-6))/(-1)). Let d(a) = 1 - a**3 - 3 + 1 + h. Let g = 27 + -27. What is d(g)?
2
Let l(i) = 5*i - 12. Let z(a) = 4*a - 12. Let u(s) = 5*l(s) - 4*z(s). Let d(f) = -f + 1. Let q(k) = 12*d(k) + u(k). Calculate q(2).
-6
Let u(h) = -h**2 - 2*h + 2. Let o be u(0). Let r(c) = 2 + o - 4*c - 5. Suppose -3*g - 2 = -5*g. Calculate r(g).
-5
Suppose 0 = -3*t + 13 - 10. Let z be (-1)/6 - (-26)/12. Let q(v) = v**2 - 3*v**2 + v**z + v + 5*v**2. Determine q(t).
5
Let d = -29 - -59. Let b be (3*1)/(d/(-20)). Let z(i) = 12*i + 21. Let k(v) = -3*v - 5. Let h(o) = b*z(o) - 9*k(o). Give h(-2).
-3
Let c(a) = -10*a**3 + 2 - 2*a + a**2 - 1 + 3*a. Let z = -386 - -385. Give c(z).
11
Let r(h) = h**3 - 6*h**2 - 2. Let i(o) = -o**2 - 5*o. Suppose -4*q - 30 = -10. Let x = 2 + q. Let z be i(x). Calculate r(z).
-2
Suppose -3*k + 24 = -5*q, 0*k + 2*q = -k + 8. Let a(d) = d**2 - 9*d - 7. Determine a(k).
-15
Let n(z) = -2*z - 3 + 7 + 6 + 0*z - z. What is n(6)?
-8
Let h(q) = -6 - 1 + 8 + q**2 - 10*q + 9. Let m(a) = a**3 + 9*a**2 + 8*a + 10. Let i be m(-8). What is h(i)?
10
Let w(l) = 3*l - 5. Let f be w(2). Suppose c - 3*g = -10, c - f = -5*g + 5. Let n(y) = y**3 + 4*y**2 + 2*y. Give n(c).
-8
Let v(s) = -2*s - 11. Let k(x) = -6*x - 34. Let d(r) = -5*k(r) + 16*v(r). Let u(j) = -j**2 - 4*j + 5. Let n be u(-6). Determine d(n).
8
Let c(u) = -u**3 + 4*u**2 + 7*u + 4. Let g be c(5). Let q = -10 + g. Let h(m) = m - 5. Give h(q).
-1
Let o(i) = -i**2 - 7*i - 4. Suppose -m + 3*y = 0, 0*y = -3*m + 2*y + 7. Suppose 5*f - 3*v = -v - 29, m*v - 11 = f. What is o(f)?
6
Let q(z) = 2*z - 4. Let d = -13 + 9. Let r = d - -10. Let h(x) = x**2 - 6*x + 6. Let l be h(r). Calculate q(l).
8
Let k(i) be the third derivative of -i**4/24 + i**3/3 - 25*i**2. Let z(d) = -d**3 + 2*d**2 - d - 2. Let g be z(2). Let b = g - 2. What is k(b)?
8
Let q(n) = -4*n**2 + 8*n + 6. Let k(t) = -3*t**2 + 6*t + 5. Let w(z) = -5*k(z) + 4*q(z). Give w(0).
-1
Let x(h) = h**3 + h. Let f(k) = 3*k**3 + k**2 + 2*k + 4. Let s(n) = f(n) - 2*x(n). Give s(0).
4
Suppose -5*a + 15 = -0*a. Let 